ivided by 11?
9
Let z(q) = -q**2 - 8*q - 1. Calculate the remainder when (-1714)/(-84) + (-12)/21 - 3/(-18) is divided by z(-7).
2
Suppose 0 = 978*o - 982*o + 4396. What is the remainder when o is divided by 10?
9
Suppose -2 = 4*v - 2*i, i - 4 = -5*v - 3*i. Let l be (-3 - -4)/((-3)/(-45)). Let x = l - v. What is the remainder when 72 is divided by x?
12
Suppose -5*d - 4*m = -565, -2*m = -4*d - 3*m + 441. Calculate the remainder when d is divided by 37.
35
Suppose -136*o + 7412 = -68*o. Calculate the remainder when 270 is divided by o.
52
Suppose 2*j + 92 = -2*q + 6*q, -5*j = 0. Let d(m) = 0*m + m - 1 + 0. What is the remainder when q is divided by d(7)?
5
Let b be ((-132)/10)/((-48)/160). Let c = b - 42. Calculate the remainder when 3 is divided by c.
1
Suppose -b + 5*v + 500 = 0, -3*b - 11*v = -14*v - 1464. Calculate the remainder when b is divided by 132.
89
Let h = -342 + 423. What is the remainder when 646 is divided by h?
79
Suppose 3*n = 3 + 3. Suppose -n*m + 37 = -119. Let l = -45 - -65. Calculate the remainder when m is divided by l.
18
Let w = 126 + -63. Suppose -9*h - 3 = -147. Calculate the remainder when w is divided by h.
15
Let o(c) = c**3 - 6*c**2 + 6*c + 17. Calculate the remainder when o(6) is divided by 7.
4
Let h(i) = 5*i + 4. What is the remainder when h(3) is divided by (17 - 23)*((-8)/3 - -2)?
3
Suppose -5*x - 4*a + 664 = 0, 696 = -14*x + 19*x - 4*a. What is the remainder when x is divided by 20?
16
Let q = -137 + 65. Calculate the remainder when 233 is divided by (q/(-16) - 4)*(-78)/(-1).
38
Suppose -z + 6 = -4*a, -5*a - 18 = 2*z + 2*z. What is the remainder when (a/(-4))/((-12)/(-600)) is divided by (-7)/((12/(-18))/((-8)/(-6)))?
11
Let y(h) = -2*h**2 - 3*h - 10. Let b be y(-18). Let t = -312 - b. Calculate the remainder when t is divided by 59.
56
Let w = 20 - 22. Let x = w + 32. Let u = -6 - -22. Calculate the remainder when x is divided by u.
14
Suppose -7 = 3*t + 62. Let z = 25 + t. What is the remainder when 6 is divided by z?
0
Let d = 678 + -321. Calculate the remainder when d is divided by 26.
19
Let a = 1361 - 1318. Calculate the remainder when a is divided by 19.
5
Suppose -12*f + 9*f + 21 = 0. Let q = -1 + f. What is the remainder when 28 is divided by q?
4
Let y(k) = -5*k**3 + 8*k**2 - k - 4. Let u be y(3). Calculate the remainder when (-4800)/u - 8/14 is divided by 35.
33
Suppose -5*v - 511 + 2646 = k, 3*k = -4*v + 1708. Calculate the remainder when v is divided by 43.
40
Suppose 2*k + 942 = 4*m, 0 = 2*m + 32*k - 34*k - 466. Calculate the remainder when m is divided by 16.
14
Let o(m) = -6*m - 10. Let r be o(-4). Suppose 4*d = 2*d - r. What is the remainder when 13 is divided by d*2*(-4)/8?
6
Suppose 4*p - k + 2 - 8 = 0, 2*p - 6 = -k. Suppose p*f - 3 = f, 0 = -5*b + 5*f + 130. What is the remainder when b is divided by 11?
7
Let d(v) = 2 - v + 0 + 2 - 6. Let u be d(-6). Suppose -31 = -u*t + 5*x, -t = -6*t + x + 23. What is the remainder when 9 is divided by t?
1
Suppose 3*z - d = 35, -4*d = 5*z - 6*d - 59. Suppose -120 = -z*y + 5*y. Calculate the remainder when 78 is divided by y.
18
Let g(y) = 2*y**3 - y**2 - 3*y + 3. Let l = 80 + -43. Suppose 13 = a + 2*d, a + 5*d - l = -3*a. Calculate the remainder when g(2) is divided by a.
0
Suppose 36 = 4*d - 6*d. Let j be (-2)/3 - d/27. Suppose j = -3*g + g + 32. What is the remainder when g is divided by 6?
4
What is the remainder when 41 is divided by -5 - (-8 - (-48)/(-2))?
14
Let m(z) = -z**3 + 8*z**2 - 3*z - 4. Let s be m(6). Suppose 0 = -6*c + c + s. Let g = 0 + c. What is the remainder when g is divided by 2?
0
Let h(j) = j**2 + 15*j + 20. What is the remainder when 284 is divided by h(-16)?
32
Calculate the remainder when 6/(-27) + 18592/72 is divided by 52.
50
Let f be 4/6 + 4/(-6). Let v be 60/(-2) + f/4. Let m = 68 + v. Calculate the remainder when m is divided by 10.
8
Suppose -d - 3*i + 6 = 0, 4*d + d - 20 = -5*i. Suppose -d*f - 15 = -6*f. Let r(a) = -4*a - 27. What is the remainder when r(-9) is divided by f?
4
Let t = -81 - -411. What is the remainder when t is divided by 83?
81
Let b = -163 + 71. Let o = -77 - b. What is the remainder when o is divided by 4?
3
Suppose -3 = v, -3*v + 11 = 2*m - 0*v. Suppose 0 = -3*o + 26*l - 25*l + 80, o + l - 32 = 0. Calculate the remainder when o is divided by m.
8
Suppose 0 = 2*s - c - 1449, s + 25 - 736 = 5*c. Calculate the remainder when s is divided by 81.
78
Suppose 2*f = 3*c + 387, -2*c + 71 = 2*f - 301. Calculate the remainder when 1/(-2) + 77/2 is divided by -35*9/(f/(-6)).
8
Let k = 609 + -540. Calculate the remainder when k is divided by 18.
15
Let h(a) = 127*a**2 - 3*a + 1. Calculate the remainder when h(1) is divided by 18.
17
Suppose -3 = 3*x, -3*x = 2*j + 3 - 64. What is the remainder when j is divided by -1 - ((-20)/(-14))/(11/(-154))?
13
Suppose 0*t + 4*n = -t + 215, -2*t - 4*n = -414. What is the remainder when t is divided by 44?
23
Calculate the remainder when (-1 + (-15)/(-9))/((-2)/(-57)) is divided by ((-14)/8)/((-1)/8).
5
Let b = 125 + -85. Suppose 2*i - 151 = -5*r, 0*r + 5*r - 5*i = 130. Suppose q - r = -8. Calculate the remainder when b is divided by q.
19
Let m = 10 - 4. Suppose 7*n - 17 = m*n. Calculate the remainder when n is divided by 4.
1
Calculate the remainder when (-2)/(-6)*-1*(-1010 - 1) is divided by 17.
14
Suppose 5*m = -4*l + 62, 2*m + m + 3*l - 39 = 0. Suppose -4*p = x + 32, -p + 5*x = -m - 3. Calculate the remainder when 36 is divided by 1 - p/((-21)/(-36)).
10
Let k be 93/12 - (-1)/(8/(-6)). Suppose l + 288 = k*l. Calculate the remainder when l is divided by 13.
9
Let z(s) = 2*s - 8. Let m be z(6). Suppose -m*h = -38 - 70. Suppose 4*j - 25 = 2*v + v, 0 = -5*v + 25. Calculate the remainder when h is divided by j.
7
Suppose 3*o + 5*r = 3 - 2, -2*o + 5*r - 41 = 0. What is the remainder when 208 is divided by 0 + -4 + (-4)/(o/46)?
18
Suppose 2*c - 2 = 5*l + 1, 3*l = c - 1. What is the remainder when 5 is divided by l?
0
Let k = 2512 + -1956. Calculate the remainder when k is divided by 43.
40
Suppose 13*i + 130 = 26*i. Calculate the remainder when 104 is divided by i.
4
Suppose w = 2*w. Suppose 0*g - 986 = -5*j + 4*g, w = 3*j - 4*g - 590. Suppose -h = -4*h + j. Calculate the remainder when h is divided by 17.
15
Calculate the remainder when 129 is divided by 85/(-34)*(-1 + 73/(-5)).
12
Let h(i) = -i**3 - 43*i**2 - 6*i - 210. What is the remainder when h(-43) is divided by 11?
4
Let o(q) = q**3 - 19*q**2 - 37*q + 22. Calculate the remainder when o(21) is divided by 18.
1
Suppose -4*c - 160 = -6*c. What is the remainder when 39 is divided by (c/(-25))/((-4)/10)?
7
Let s = 15 + -13. Suppose 0*h + s*h - 8 = 0. What is the remainder when h/(-10) - 37/(-5) is divided by 4?
3
What is the remainder when 54 is divided by 172/14 + (0 - 10/35)?
6
Let h(d) = -2*d - 8. Let q be h(-5). Suppose 2*x = -5*l + 123, 76 = l + q*l - x. What is the remainder when l is divided by 14?
11
What is the remainder when 82 is divided by -5 + 27 - (4 - -6)?
10
Let i = -109 - -355. What is the remainder when i is divided by 64?
54
Suppose -5*d = 2*s + 29, 8*s - 10*s + 5*d = 39. Let y = 15 - s. What is the remainder when 51 is divided by y?
19
What is the remainder when -1 + (0 - -104) - (8 - 10) is divided by 31?
12
Suppose -10*w + 6*w + 61 = 3*c, 58 = 2*w - 4*c. What is the remainder when 245 is divided by w?
17
Let i(a) be the third derivative of -a**5/60 - 5*a**4/8 + a**3/2 + 5*a**2. Let n be i(-11). Let d = n - 8. Calculate the remainder when d is divided by 10.
9
Let k = 44 - 29. What is the remainder when 34 is divided by k?
4
Let n(i) = i**3 - 7*i**2 - 7*i - 7. Let t be n(8). Let k be t + 131 - (2 + -4). Suppose -4*f + k + 62 = 0. What is the remainder when f is divided by 17?
15
Let n(s) = -s**3 + s**2 + 27. Calculate the remainder when 1/(-4) + 2665/52 is divided by n(0).
24
Let y(d) be the first derivative of -d**2 - 9*d + 29. What is the remainder when y(-14) is divided by 5?
4
Suppose 741 = 3*o + 2*h, 9*o - h = 14*o - 1235. Calculate the remainder when o is divided by 16.
7
Suppose -39*d - 868 = -53*d. Calculate the remainder when 147 is divided by d.
23
Let c(z) = 91*z**2 - 14*z + 14. What is the remainder when 178 is divided by c(1)?
87
Let r = 26 - 18. Suppose 3*l - r = 7*l. Let z = 15 - l. C